 what is -4 - 177c17?
-177c1b
In base 6, what is -535 - 13224?
-14203
In base 12, what is 3 + -267a5a?
-267a57
In base 2, what is 101001110 + -1000000101?
-10110111
In base 16, what is a - -1b78?
1b82
In base 8, what is -3 + -216241?
-216244
In base 16, what is 2 + -1478b9?
-1478b7
In base 2, what is 1 + 101101001101100?
101101001101101
In base 5, what is 14 + -1212231?
-1212212
In base 11, what is 21a80 - 4?
21a77
In base 12, what is -1 - -3b15?
3b14
In base 8, what is 120621 - 5?
120614
In base 9, what is -214 + 153?
-51
In base 5, what is -24330 - 122?
-30002
In base 2, what is 101 - 1000110110000?
-1000110101011
In base 12, what is 5056 + -14a?
4b08
In base 15, what is 9097 + -26?
9071
In base 8, what is 11 + 206273?
206304
In base 13, what is -56 - 9a?
-123
In base 14, what is -2 - 35776d?
-357771
In base 15, what is -d + 1766?
1758
In base 7, what is 4 + 54034?
54041
In base 9, what is 13464 - 14?
13450
In base 8, what is -102022 - -20?
-102002
In base 4, what is -12001 + -2121?
-20122
In base 5, what is -20420422 + 12?
-20420410
In base 3, what is 0 - 110222200?
-110222200
In base 5, what is -203141 + -11?
-203202
In base 7, what is -1 + -1032520?
-1032521
In base 10, what is 2 - 33383?
-33381
In base 5, what is 43313 - -11403?
110221
In base 13, what is 3 - -162729?
16272c
In base 2, what is -110011111 - 110001010011?
-110111110010
In base 4, what is -303332101 - 0?
-303332101
In base 4, what is 123100 - -323?
130023
In base 8, what is -26 + 265625?
265577
In base 15, what is -1 - 5bb25?
-5bb26
In base 9, what is -2406 - -112?
-2284
In base 9, what is 107 + 226?
334
In base 11, what is 2 - -60887a?
608881
In base 14, what is d3d4 + -3d?
d395
In base 2, what is 10 + -10101001111101010011?
-10101001111101010001
In base 8, what is -17726 - -175?
-17531
In base 11, what is -104 - 360?
-464
In base 8, what is -177406 + 0?
-177406
In base 11, what is 7916 - 40?
7886
In base 7, what is -31603 + -15?
-31621
In base 8, what is 34234 + -221?
34013
In base 11, what is 586 - 14?
572
In base 13, what is -1 + 67c?
67b
In base 6, what is -133 + 1445?
1312
In base 11, what is 7042 + -99?
6a54
In base 9, what is -300710 + -4?
-300714
In base 12, what is -20299 + 8?
-20291
In base 5, what is 203 - 21033?
-20330
In base 2, what is -1010100011111011100 + 10?
-1010100011111011010
In base 15, what is 414c + 70?
41bc
In base 14, what is 2 + -4d8a?
-4d88
In base 9, what is 1403 + 1083?
2486
In base 7, what is 6 - -6335?
6344
In base 10, what is 7243 - -2?
7245
In base 15, what is -1 - 5643?
-5644
In base 10, what is -4 - -7175?
7171
In base 15, what is 1 - -175e?
1760
In base 16, what is -43b5 + 3?
-43b2
In base 13, what is 5 + -1526b?
-15266
In base 15, what is -8 + -25b48?
-25b51
In base 14, what is -2 + -72c49?
-72c4b
In base 7, what is -16401 + 111?
-16260
In base 2, what is -1000010110111111 + -10?
-1000010111000001
In base 4, what is -1320 + 1022?
-232
In base 15, what is a + 10e45?
10e50
In base 15, what is -c5 + -11a?
-1e0
In base 4, what is -11011 + 2033?
-2312
In base 16, what is 9 - 27e0?
-27d7
In base 6, what is 42115 + 3354?
45513
In base 4, what is 1003 - 22003?
-21000
In base 3, what is -1120 + 2101120?
2100000
In base 2, what is 11101111100011011 - 0?
11101111100011011
In base 5, what is 2 - 220322?
-220320
In base 16, what is -91e + -1?
-91f
In base 14, what is 501d + 2b?
504a
In base 3, what is 1 - -100212122?
100212200
In base 9, what is 13147 + -3?
13144
In base 13, what is 1ab + a?
1b8
In base 4, what is 10012 + -31133?
-21121
In base 4, what is 30231302 - -231?
30232133
In base 13, what is -a - -8450?
8443
In base 4, what is 20120010 - 11?
20113333
In base 10, what is 580 - -221?
801
In base 5, what is 13112314 - -20?
13112334
In base 9, what is 160762 - 1?
160761
In base 12, what is 111 - -112?
223
In base 2, what is 100010 - 110010000100?
-110001100010
In base 6, what is 3 - -40322?
40325
In base 15, what is -1d - -529e?
5281
In base 13, what is 0 + 10bcb?
10bcb
In base 12, what is 98 + 164?
240
In base 15, what is 3c - -7e9?
836
In base 14, what is 0 - 3b44?
-3b44
In base 3, what is -2111220210111 - -12?
-2111220210022
In base 5, what is 10004200224 + 0?
10004200224
In base 2, what is 101011 - -1111110011?
10000011110
In base 3, what is 100001111 - 200?
100000211
In base 13, what is 90175 - -2?
90177
In base 6, what is 0 + 11433?
11433
In base 10, what is -30 - 5?
-35
In base 2, what is -101 + -100011010010?
-100011010111
In base 12, what is 0 - 2954b0?
-2954b0
In base 16, what is 81e3 - -1?
81e4
In base 6, what is -4 - 1310023?
-1310031
In base 16, what is -9ca - -a?
-9c0
In base 7, what is -6115 + 4544?
-1241
In base 8, what is 2 - -52223?
52225
In base 13, what is -3 - 24448?
-2444b
In base 3, what is -1002220011 - -12?
-1002212222
In base 5, what is -3 - -1144440?
1144432
In base 13, what is -238 - 564?
-79c
In base 8, what is -127424 - 0?
-127424
In base 4, what is -1233332 + 111?
-1233221
In base 12, what is 13 + 77?
8a
In base 10, what is 8 - -1463?
1471
In base 3, what is 100120020 - -121020?
101011110
In base 15, what is c8c33 - -3?
c8c36
In base 10, what is -2 - 205504?
-205506
In base 8, what is -1 - 322344?
-322345
In base 4, what is 1302121 - -22?
1302203
In base 3, what is 0 + -10212001?
-10212001
In base 5, what is -4 + -4322101?
-4322110
In base 8, what is -271002 - 5?
-271007
In base 6, what is 15353 + -31?
15322
In base 4, what is -13201 + -222?
-20023
In base 2, what is -100 - 110011111110?
-110100000010
In base 7, what is -5544 + 66?
-5445
In base 5, what is -20 + 0?
-20
In base 15, what is -1 - -17ad?
17ac
In base 4, what is -1010 + 121312?
120302
In base 2, what is 110 + -11110001100110101111?
-11110001100110101001
In base 4, what is -103013132 + 1?
-103013131
In base 10, what is 19175 + -11?
19164
In base 8, what is -525126 + 2?
-525124
In base 2, what is 1010100100010 + -101111111?
1001110100011
In base 16, what is -10f2c - 3?
-10f2f
In base 12, what is -224a22 - 2?
-224a24
In base 15, what is 22 + 4850?
4872
In base 11, what is 10 + -7697?
-7687
In base 14, what is -14d1 + 179?
-1356
In base 10, what is -21 + 3302?
3281
In base 16, what is 194f6 - 5?
194f1
In base 14, what is -2b5 - 606?
-8bb
In base 12, what is -6 - -120080?
120076
In base 10, what is 0 + 876538?
876538
In base 14, what is 293 + 5d?
312
In base 4, what is -1213 + 33021?
31202
In base 10, what is 3 + -100430?
-100427
In base 3, what is 1110100221 + 1202?
1110102200
In base 5, what is 1433143 - -3?
1433201
In base 11, what is 31 + -2632?
-2601
In base 9, what is -676 + -6547?
-7334
In base 11, what is -614 - -1175?
661
In base 7, what is 11251 + 6?
11260
In base 6, what is 12531 - -311?
13242
In base 15, what is -3 - -1d4d?
1d4a
In base 7, what is -3153654 - 4?
-3153661
In base 9, what is -5275 - 227?
-5513
In base 9, what is -2117 + -3?
-2121
In base 7, what is -5 - 453223?
-453231
In base 16, what is -12a23 + 0?
-12a23
In base 6, what is 2012 + -554?
1014
In base 11, what is 4 + -469706?
-469702
In base 14, what is 4257 + 0?
4257
In base 15, what is -25c5 + 1e?
-25a6
In base 3, what is 111110010 + 1020?
111111100
In base 8, what is 1245 - 4?
1241
In base 13, what is 790 + -37a?
413
In base 15, what is 8 + -5b1?
-5a8
In base 14, what is -22 - 113b?
-115d
In base 7, what is -622 - 144?
-1066
In base 13, what is 5 + -147390?
-147388
In base 10, what is 25 + -450?
-425
In base 6, what is -23452545 - 4?
-23452553
In base 11, what is -12 + -a3?
-105
In base 4, what is -2301 + 2120213?
2111312
In base 6, what is 4 + 13254?
13302
In base 10, what is -12 + 8511?
8499
In base 9, what is -1 + 17514?
17513
In base 8, what is -3 - -374516?
374513
In base 11, what is -4 + 1549?
1545
In base 10, what is -140 - -871?
731
In base 13, what is 47 - -b199?
b213
In base 11, what is -1 - -59200?
591aa
In base 10, what is -316 - 136?
-452
In base 5, what is 231 + -1010333?
-1010102
In base 9, what is 8634 + -5?
8628
In base 15, what is 232d2 + 0?
232d2
In base 8, what is 2 + 562423?
562425
In base 15, what is -2 + -3ec1?
-3ec3
In base 3, what is 221220000 - -100?
221220100
In base 16, what is 2296d - -3?
22970
In base 10, what is 4 - 869885?
-869881
In base 14, what is 452 - -1045?
1497
In base 14, what is -450 + -410?
-860
In base 10, what is -84 - -25081?
24